-31311121 - -211002?
-31100113
In base 2, what is -10011100101100 - -100111000110?
-1110101100110
In base 16, what is 29a2 - -11ab?
3b4d
In base 16, what is 4 - b7f362?
-b7f35e
In base 7, what is -6061231163 - 3?
-6061231166
In base 9, what is 5154278 + 27?
5154316
In base 14, what is 2 - 8a7b62?
-8a7b60
In base 11, what is 221081 + 19?
22109a
In base 4, what is -2322 + -23220020?
-23223002
In base 4, what is 0 + 20320003130?
20320003130
In base 3, what is 110200201110001 + -1122?
110200201101102
In base 14, what is 1a688c9 + 19?
1a68904
In base 11, what is 20 + -a0a320?
-a0a300
In base 8, what is -12465 + 3655?
-6610
In base 2, what is 1101111011 + 11011110011111?
11101100011010
In base 12, what is 1385898 - -1?
1385899
In base 5, what is 44312402 + -4423?
44302424
In base 12, what is -54b53 + 1234?
-5391b
In base 16, what is -dca3cc + 16?
-dca3b6
In base 13, what is 5a8a4 + 6?
5a8aa
In base 6, what is 254 - -1415200?
1415454
In base 8, what is -2 - -26504161?
26504157
In base 2, what is 1001100011 - 11010111000100111?
-11010101111000100
In base 13, what is -6 + 8471798?
8471792
In base 14, what is 9c7 + dbd?
19a6
In base 7, what is 26452135 + -63?
26452042
In base 4, what is -10003321220302 + -22?
-10003321220330
In base 5, what is 10 + 233123023404?
233123023414
In base 7, what is -1146666 + -22?
-1150021
In base 8, what is -22425544 + 2?
-22425542
In base 10, what is -11 + 17905070?
17905059
In base 7, what is -2303314134 + 3?
-2303314131
In base 5, what is -1032401 - -14422?
-1012424
In base 3, what is -2 - 2012022201022021?
-2012022201022100
In base 3, what is -12 - -2220100220001001?
2220100220000212
In base 5, what is 114003 - 20342?
43111
In base 6, what is 231401 - 2241?
225120
In base 15, what is -11 + 56c875?
56c864
In base 9, what is -5 + 10606455?
10606450
In base 11, what is -887aa68 - 3?
-887aa70
In base 2, what is 100000010111010011100 + -11110?
100000010111001111110
In base 2, what is -101 - -10111110010011110111?
10111110010011110010
In base 14, what is -2 - -3225bb?
3225b9
In base 9, what is 146 - -823112?
823258
In base 6, what is 234351331 + -103?
234351224
In base 16, what is 3 + -2c62e5a?
-2c62e57
In base 8, what is 3633351006 + -1?
3633351005
In base 4, what is 1 - -2300203233032?
2300203233033
In base 3, what is 2 + -10122002122002?
-10122002122000
In base 4, what is 113 + -210123310?
-210123131
In base 15, what is 0 - -42689b?
42689b
In base 8, what is 5 - -620554352?
620554357
In base 14, what is 130d8d47 + 4?
130d8d4b
In base 13, what is 28848 - -c75?
297c0
In base 10, what is 536487 + 906?
537393
In base 13, what is -4155a + 5a4?
-40c86
In base 9, what is 37853 - 145?
37707
In base 5, what is 230411342 - -3?
230411400
In base 12, what is 11756575a - -5?
117565763
In base 5, what is -1 + 43211003?
43211002
In base 16, what is -3807e7e - 5?
-3807e83
In base 3, what is 222002101112 - 1011120?
222001012222
In base 15, what is 4c + 1eec59?
1eeca6
In base 12, what is -1a2 - 214b26?
-215108
In base 2, what is 1 - -100001100010111001111011?
100001100010111001111100
In base 9, what is 5 - -112750862?
112750867
In base 10, what is -37555 - -160?
-37395
In base 4, what is -10 - 100200230110?
-100200230120
In base 14, what is a832 - 54?
a7bc
In base 10, what is -5326517 + -4?
-5326521
In base 3, what is -121020021221 - 2002110?
-121022101101
In base 10, what is 6017658 - -71?
6017729
In base 3, what is -12 - -11112022211110?
11112022211021
In base 12, what is -5935 + -32a0?
-9015
In base 13, what is -3 - 39caaa?
-39cab0
In base 2, what is -110 - 1101100100001101?
-1101100100010011
In base 8, what is 5424 + 2304723?
2312347
In base 10, what is -98 + 43720?
43622
In base 4, what is 13232232 + -131?
13232101
In base 6, what is 141554125 + 2?
141554131
In base 10, what is -1 + 17772755?
17772754
In base 15, what is d5b1828 + 0?
d5b1828
In base 5, what is -1022444411 - 20?
-1022444431
In base 4, what is 11 - 10331110310?
-10331110233
In base 16, what is 51be36 - 15?
51be21
In base 9, what is -22357460 + 1?
-22357458
In base 5, what is 2033142001 + 130?
2033142131
In base 11, what is -11 + -167782?
-167793
In base 7, what is 2 - 361556414?
-361556412
In base 10, what is -1 - 54584902?
-54584903
In base 11, what is -15 - -902954?
90293a
In base 4, what is -11110101301103 + -11?
-11110101301120
In base 15, what is 114 - 375b4a?
-375a36
In base 9, what is 4 - 2202526?
-2202522
In base 15, what is 37 - 128929b?
-1289264
In base 4, what is 130332231 - -3132?
131002023
In base 5, what is 13 - 243113032?
-243113014
In base 7, what is 634 + -43113?
-42146
In base 14, what is -d13 - 113060?
-113d73
In base 6, what is -2 + 455122510?
455122504
In base 14, what is 0 + -4b84b3?
-4b84b3
In base 15, what is b + 15e224?
15e230
In base 8, what is 212 - 260625?
-260413
In base 14, what is 5285 + 333?
55b8
In base 6, what is 112 - 33411?
-33255
In base 14, what is 2 - 8b4d69d?
-8b4d69b
In base 5, what is 4 + -123310314234?
-123310314230
In base 14, what is -3 - -20dc4678?
20dc4675
In base 6, what is 125 - 250053?
-245524
In base 16, what is 2 - 16a30a?
-16a308
In base 3, what is -1012110010 - 102112?
-1012212122
In base 15, what is 73c8 + -15e?
7269
In base 14, what is 81698d - -30?
8169bd
In base 13, what is 54 + 53194?
53218
In base 14, what is -7436 - 3cb?
-7823
In base 9, what is 100 + -562016?
-561816
In base 12, what is 5 + 1774a64?
1774a69
In base 15, what is -130ad - -8e?
-1301e
In base 10, what is 17818 + -548?
17270
In base 6, what is -11320 - 553135?
-1004455
In base 3, what is -2 + -12012112102121?
-12012112102200
In base 9, what is 2013303 + -20?
2013273
In base 2, what is 100011111 - 10000111011100?
-10000010111101
In base 4, what is -1 + 12023101221201?
12023101221200
In base 4, what is 211223202320 - -21?
211223203001
In base 6, what is 1 - 41513350?
-41513345
In base 14, what is 53bcb2 + -26?
53bc8a
In base 11, what is -19520220 - -6?
-19520215
In base 3, what is -12002 - -22122001201?
22121212122
In base 13, what is -2652 - 1a11?
-4363
In base 6, what is -1043 + -3304545?
-3310032
In base 8, what is -470774133 + 4?
-470774127
In base 7, what is 1520244304 + 4?
1520244311
In base 12, what is 1074828a - -3?
10748291
In base 10, what is 25905 - 212?
25693
In base 8, what is -4 - 3050616125?
-3050616131
In base 8, what is -3054676 - -31?
-3054645
In base 11, what is -3665901a + 1?
-36659019
In base 16, what is -8a60c + -10?
-8a61c
In base 14, what is 11 - 306cda?
-306cc9
In base 8, what is -1 - -17351224?
17351223
In base 14, what is a09c6c + -1?
a09c6b
In base 13, what is 444b840 + -10?
444b830
In base 8, what is -342347 - -26?
-342321
In base 5, what is 20241142243 - -10?
20241142303
In base 14, what is c490b9 + -9?
c490b0
In base 2, what is 1110010111111101011011011 + -10?
1110010111111101011011001
In base 6, what is 4404144 - 111?
4404033
In base 15, what is -45b + e347?
dddb
In base 4, what is -3 - 1120323200000?
-1120323200003
In base 3, what is 1211 + 111000110100?
111000112011
In base 5, what is -42114 - 4324030?
-4421144
In base 10, what is -3 + -3967273?
-3967276
In base 5, what is 3230020314 + 0?
3230020314
In base 12, what is -22aab + 4744?
-1a367
In base 12, what is -40b1388 + -11?
-40b1399
In base 3, what is 11 + -11101011200011022?
-11101011200011011
In base 6, what is -1 + -3305504?
-3305505
In base 16, what is -2d82 + -1f8?
-2f7a
In base 15, what is -43a007 + -2?
-43a009
In base 15, what is -2a1381 - 5?
-2a1386
In base 11, what is 114035 + -82?
113a63
In base 15, what is -2 - -ae654b?
ae6549
In base 6, what is 534 - -123101?
124035
In base 14, what is -5 - 13cccb0?
-13cccb5
In base 10, what is 2302 + 17119?
19421
In base 8, what is -6 - 163706774?
-163707002
In base 2, what is 100101011110100 - -10000010?
100101101110110
In base 2, what is 11 + 111001111111100000110?
111001111111100001001
In base 2, what is -10101111 - 1110000100100?
-1110011010011
In base 2, what is 1101110111111011 - -1001000100?
1110000000111111
In base 12, what is 22b2463a9 - -1?
22b2463aa
In base 6, what is 111105 - 3541?
103124
In base 12, what is -651b535 - 16?
-651b54b
In base 12, what is -3460611 - 1?
-3460612
In base 13, what is 11b51534 - 4?
11b51530
In base 15, what is -15194a - -17?
-151933
In base 12, what is 2427b17 + -13?
2427b04
I